{"id":486,"date":"2020-01-02T11:00:55","date_gmt":"2020-01-02T10:00:55","guid":{"rendered":"http:\/\/coriandreetcitronnelle.fr\/?page_id=486"},"modified":"2022-06-24T07:25:47","modified_gmt":"2022-06-24T05:25:47","slug":"atelier-de-cuisine","status":"publish","type":"page","link":"https:\/\/coriandreetcitronnelle.fr\/index.php\/atelier-de-cuisine\/","title":{"rendered":"Les cours de cuisine"},"content":{"rendered":"\n<p class=\"has-text-color\" style=\"color:#ed07c6\"> <strong>POUR LE PLAISIR DE CREER<\/strong> <\/p>\n\n\n\n<p>Vous avez envie de faire voyager vos papilles ou simplement de vous d\u00e9tendre, venez participer \u00e0 un atelier de cuisine. Venez seul(e), en duo, en famille, entre amis ou encore entre coll\u00e8gues. Je vous ouvre ma cuisine et vous invite \u00e0 un voyage culinaire. <\/p>\n\n\n\n<p>Pour chaque atelier et selon la formule choisie, nous confectionnons ensemble une entr\u00e9e et un plat traditionnel. <\/p>\n\n\n\n<p>     1. Choisissez votre <a href=\"http:\/\/coriandreetcitronnelle.fr\/index.php\/les-formules-des-ateliers\/\">formule<\/a>(*) <\/p>\n\n\n\n<p>     2. Choisissez la <a href=\"http:\/\/coriandreetcitronnelle.fr\/index.php\/reservez-votre-cours\/\" data-type=\"page\" data-id=\"1664\">date et l&rsquo;heure<\/a>. <\/p>\n\n\n\n<p>     3. Venez profiter, vous n&rsquo;avez rien \u00e0 apporter. <\/p>\n\n\n\n<p>Si aucune date ne correspond \u00e0 vos attentes, n&rsquo;h\u00e9sitez pas \u00e0 <a href=\"http:\/\/coriandreetcitronnelle.fr\/index.php\/contact\/\">me contacter<\/a>, nous allons planifier ensemble un nouveau cr\u00e9neau horaire en fonction des disponibilit\u00e9s. <\/p>\n\n\n\n<p>Laissez-vous tenter et r\u00e9servez d\u00e8s maintenant par t\u00e9l\u00e9phone, par mail ou encore en ligne !&nbsp; A l&rsquo;issue de l&rsquo;atelier, emportez vos r\u00e9alisations pour partager avec vos proches ou amis.<\/p>\n\n\n\n<div class=\"wp-block-image\"><figure class=\"aligncenter is-resized\"><a href=\"https:\/\/coriandre-et-citronnelle.jimdofree.com\/cours-de-cuisine\/formules-des-cours\/\"><img loading=\"lazy\" src=\"https:\/\/i0.wp.com\/image.jimcdn.com\/app\/cms\/image\/transf\/dimension=512x10000:format=jpg\/path\/s216809f8e103c788\/image\/id5548120e8732a2c\/version\/1472203491\/image.jpg?resize=525%2C394&#038;ssl=1\" alt=\"\" width=\"525\" height=\"394\" data-recalc-dims=\"1\" \/><\/a><figcaption>Cours de cuisine khm\u00e8re<\/figcaption><\/figure><\/div>\n\n\n\n<p style=\"font-size:10px\"><em>(*) Si  vous souhaitez prendre un cours pour faire un repas pour 4 par exemple, le temps du cours ne sera plus le  m\u00eame. Il vous sera donc factur\u00e9 le temps de la prestation et les  ingr\u00e9dients suppl\u00e9mentaires.<\/em><\/p>\n\n\n\n<p class=\"has-text-align-left\" style=\"font-size:10px\"><strong><u><span style=\"text-decoration: underline;\">Conditions de vente :<\/span><\/u><\/strong><\/p>\n\n\n\n<p class=\"has-text-align-justify\" style=\"font-size:10px\">Toute r\u00e9servation effectu\u00e9e est ferme et non remboursable sauf en cas d&rsquo;annulation de Coriandre et Citronnelle. Dans ce dernier cas, le remboursement sera effectu\u00e9 ou un report de cours sera propos\u00e9.<\/p>\n\n\n\n<p class=\"has-text-align-left\" style=\"font-size:10px\">Les&nbsp; demandes de report de cours sont accept\u00e9s seulement&nbsp;au plus tard 14 jours avant la date du cours.<\/p>\n\n\n\n<p class=\"has-text-align-justify\" style=\"font-size:10px\">\u00c0 partir de 13 jours avant le cours et jusqu&rsquo;\u00e0 la date du cours r\u00e9serv\u00e9,&nbsp;en cas d&#8217;emp\u00eachement ou de maladie,&nbsp;<strong>le billet peut \u00eatre transmis \u00e0 un(e) autre participant(e)&nbsp;<\/strong>en indiquant au pr\u00e9alable le nom du participant rempla\u00e7ant \u00e0 Coriandre et Citronnelle par mail : coriandre.citronnelle@gmail.com. La place n&rsquo;est donc pas perdue. <strong>Aucun remboursement, avoir ou report de cours ne peut \u00eatre effectu\u00e9.<\/strong> Ces mesures ont \u00e9t\u00e9 prises suite \u00e0 de nombreuses demandes de report de cours qui ont caus\u00e9 jusqu&rsquo;\u00e0 pr\u00e9sent, des pertes de places inutiles et n&rsquo;ayant pu \u00eatre remplac\u00e9es dans les temps. Merci de votre compr\u00e9hension.<\/p>\n\n\n\n<p><\/p>\n\n\n\n<p class=\"has-text-color has-small-font-size\" style=\"color:#6d7276\"> \ud83d\udc49 CORIANDRE ET CITRONNELLE propose \u00e9galement des <a href=\"http:\/\/coriandreetcitronnelle.fr\/index.php\/une-section-de-page-daccueil\/\">bons cadeaux<\/a>, des <a href=\"http:\/\/coriandreetcitronnelle.fr\/index.php\/une-section-de-page-daccueil\/page-d-exemple\/\">plats \u00e0 emporter<\/a> et des<a href=\"http:\/\/coriandreetcitronnelle.fr\/index.php\/a-propos-de\/\"> \u00e9v\u00e9nements culinaires<\/a> <\/p>\n","protected":false},"excerpt":{"rendered":"<p>POUR LE PLAISIR DE CREER Vous avez envie de faire voyager vos papilles ou simplement de vous d\u00e9tendre, venez participer \u00e0 un atelier de cuisine. Venez seul(e), en duo, en famille, entre amis ou encore entre coll\u00e8gues. Je vous ouvre ma cuisine et vous invite \u00e0 un voyage culinaire. Pour chaque atelier et selon la &hellip; <\/p>\n<p class=\"link-more\"><a href=\"https:\/\/coriandreetcitronnelle.fr\/index.php\/atelier-de-cuisine\/\" class=\"more-link\">Continuer la lecture<span class=\"screen-reader-text\"> de &laquo;&nbsp;Les cours de cuisine&nbsp;&raquo;<\/span><\/a><\/p>\n","protected":false},"author":1,"featured_media":0,"parent":0,"menu_order":0,"comment_status":"closed","ping_status":"closed","template":"","meta":{"spay_email":""},"_links":{"self":[{"href":"https:\/\/coriandreetcitronnelle.fr\/index.php\/wp-json\/wp\/v2\/pages\/486"}],"collection":[{"href":"https:\/\/coriandreetcitronnelle.fr\/index.php\/wp-json\/wp\/v2\/pages"}],"about":[{"href":"https:\/\/coriandreetcitronnelle.fr\/index.php\/wp-json\/wp\/v2\/types\/page"}],"author":[{"embeddable":true,"href":"https:\/\/coriandreetcitronnelle.fr\/index.php\/wp-json\/wp\/v2\/users\/1"}],"replies":[{"embeddable":true,"href":"https:\/\/coriandreetcitronnelle.fr\/index.php\/wp-json\/wp\/v2\/comments?post=486"}],"version-history":[{"count":20,"href":"https:\/\/coriandreetcitronnelle.fr\/index.php\/wp-json\/wp\/v2\/pages\/486\/revisions"}],"predecessor-version":[{"id":1797,"href":"https:\/\/coriandreetcitronnelle.fr\/index.php\/wp-json\/wp\/v2\/pages\/486\/revisions\/1797"}],"wp:attachment":[{"href":"https:\/\/coriandreetcitronnelle.fr\/index.php\/wp-json\/wp\/v2\/media?parent=486"}],"curies":[{"name":"wp","href":"https:\/\/api.w.org\/{rel}","templated":true}]}}