{"id":368,"date":"2019-11-22T19:45:21","date_gmt":"2019-11-22T18:45:21","guid":{"rendered":"http:\/\/coriandreetcitronnelle.fr\/?page_id=368"},"modified":"2026-01-13T16:01:31","modified_gmt":"2026-01-13T15:01:31","slug":"les-formules-des-ateliers","status":"publish","type":"page","link":"https:\/\/coriandreetcitronnelle.fr\/index.php\/les-formules-des-ateliers\/","title":{"rendered":"Les formules des cours de cuisine"},"content":{"rendered":"\n<p>Vous allez apprendre \u00e0 <strong>r\u00e9aliser de A \u00e0 Z deux plats traditionnels<\/strong> dans une ambiance <a href=\"http:\/\/coriandreetcitronnelle.fr\/index.php\/atelier-de-cuisine\/\">d\u00e9tendue et conviviale<\/a>. Les recettes sont parfois r\u00e9adapt\u00e9es pour en faciliter la r\u00e9alisation. Trois formules vous sont propos\u00e9es.     <\/p>\n\n\n\n<p>Vous pouvez venir en solo, \u00e0 deux (voir <a href=\"http:\/\/coriandreetcitronnelle.fr\/index.php\/reservez-votre-cours\/\" data-type=\"page\" data-id=\"1664\" target=\"_blank\" rel=\"noreferrer noopener\">le planning <\/a>des cours pour vous inscrire) ou en groupe de 4 \u00e0 8 personnes maximum pour un suivi personnalis\u00e9. Pour les groupes et en fonction des disponibilit\u00e9s, nous pouvons fixer ensemble une date et le menu OU inscrivez-vous sur <a href=\"http:\/\/coriandreetcitronnelle.fr\/index.php\/reservez-votre-cours\/\" data-type=\"page\" data-id=\"1664\">le planning<\/a> des cours. Si aucune date ne vous convient, vous pouvez r\u00e9server un <a href=\"http:\/\/coriandreetcitronnelle.fr\/index.php\/une-section-de-page-daccueil\/\">bon cadeau<\/a>.<\/p>\n\n\n\n<p><strong>FORMULE EVASION<\/strong> (2H00) : 75\u20ac\/personne (*)<br><strong>FORMULE TRADITION<\/strong> (3H00) : 98\u20ac\/personne (*)<br><strong>FORMULE A DISTANCE<\/strong> (2H00) : 120\u20ac\/connexion (pour 1 \u00e0 4 personnes)  <\/p>\n\n\n\n<p>Je vous propose la liste de menus ci-dessous qui n&rsquo;est pas exhaustive. N&rsquo;h\u00e9sitez pas \u00e0 me contacter si vous avez des demandes particuli\u00e8res ou des suggestions de&nbsp;plats. <\/p>\n\n\n\n<p>Voici quelques exemple de plats r\u00e9alis\u00e9s en cours : Salade de poulet ou de crevettes, Rouleaux de printemps, Salade de papaye verte, Salade de boeuf marin\u00e9 au citron et \u00e0 la citronnelle, Porc au caramel, Boeuf Lok Lak, Amok de poisson, Nems au poulet, Curry de poulet, Cr\u00eapes farcies au porc et aux crevettes, Bo Bun, Pad Tha\u00ef, Bao (brioches farcies \u00e0 la viande), Gyozas, Soupe Phnom-Penh, Soupe de boeuf au tamarin, Sushis, Bibimbap, Bananes aux perles de tapioca, Perles de haricots mungo et \u00e0 la noix de coco&#8230;    <\/p>\n\n\n\n<p>Je  propose \u00e9galement des ateliers pour les <strong>v\u00e9g\u00e9tariens<\/strong> et <strong>vegans<\/strong>, n&rsquo;h\u00e9sitez  pas \u00e0 <a href=\"http:\/\/coriandreetcitronnelle.fr\/index.php\/contact\/\">me contacter<\/a> pour que nous \u00e9tablissions ensemble un menu adapt\u00e9. <\/p>\n\n\n\n<p class=\"has-text-color\" style=\"color:#d41973\">N&rsquo;oubliez pas de pr\u00e9ciser les allergies ou intol\u00e9rances \u00e9ventuelles \u00e0 un ou plusieurs produits.<\/p>\n\n\n\n<p class=\"has-text-color\" style=\"color:#8f8a8a;font-size:10px\">(*) Les cours de cuisine sont maintenus pour un minimum de 4 inscriptions. CORIANDRE ET CITRONNELLE est en droit d&rsquo;annuler ou de reporter un atelier si ce minimum de participants n&rsquo;est pas atteint. <\/p>\n\n\n\n<p class=\"has-text-color\" style=\"color:#8f8a8a;font-size:10px\">1 bon cadeau est valable pour 1 personne, vous souhaitez accompagner ou offrir pour 2 personnes, 2 bons sont requis.<\/p>\n\n\n\n<p class=\"has-text-align-left\" style=\"font-size:10px\"><strong><u><span style=\"text-decoration: underline;\">Conditions de vente :<\/span><\/u><\/strong><\/p>\n\n\n\n<p class=\"has-text-align-justify\" style=\"font-size:10px\">Toute r\u00e9servation effectu\u00e9e est ferme et non remboursable sauf en cas d&rsquo;annulation de Coriandre et Citronnelle. Dans ce dernier cas, le remboursement sera effectu\u00e9 ou un report de cours sera propos\u00e9.<\/p>\n\n\n\n<p class=\"has-text-align-left\" style=\"font-size:10px\">Les&nbsp; demandes de report de cours sont accept\u00e9s seulement&nbsp;au plus tard 14 jours avant la date du cours.<\/p>\n\n\n\n<p class=\"has-text-align-justify\" style=\"font-size:10px\">\u00c0 partir de 13 jours avant le cours et jusqu&rsquo;\u00e0 la date du cours r\u00e9serv\u00e9,&nbsp;en cas d&#8217;emp\u00eachement ou de maladie,&nbsp;<strong>le billet peut \u00eatre transmis \u00e0 un(e) autre participant(e)&nbsp;<\/strong>en indiquant au pr\u00e9alable le nom du participant rempla\u00e7ant \u00e0 Coriandre et Citronnelle par mail : coriandre.citronnelle@gmail.com. La place n&rsquo;est donc pas perdue. <strong>Aucun remboursement, avoir ou report de cours ne peut \u00eatre effectu\u00e9.<\/strong> Ces mesures ont \u00e9t\u00e9 prises suite \u00e0 de nombreuses demandes de report de cours qui ont caus\u00e9 jusqu&rsquo;\u00e0 pr\u00e9sent, des pertes de places inutiles et n&rsquo;ayant pu \u00eatre remplac\u00e9es dans les temps. Merci de votre compr\u00e9hension.<\/p>\n\n\n\n<p class=\"has-text-color\" style=\"color:#8f8a8a;font-size:12px\">\ud83d\udc49 CORIANDRE ET CITRONNELLE propose \u00e9galement des <a href=\"http:\/\/coriandreetcitronnelle.fr\/index.php\/une-section-de-page-daccueil\/page-d-exemple\/\">plats \u00e0 emporter<\/a> et des<a href=\"http:\/\/coriandreetcitronnelle.fr\/index.php\/a-propos-de\/\"> \u00e9v\u00e9nements culinaires<\/a><\/p>\n","protected":false},"excerpt":{"rendered":"<p>Vous allez apprendre \u00e0 r\u00e9aliser de A \u00e0 Z deux plats traditionnels dans une ambiance d\u00e9tendue et conviviale. Les recettes sont parfois r\u00e9adapt\u00e9es pour en faciliter la r\u00e9alisation. Trois formules vous sont propos\u00e9es. Vous pouvez venir en solo, \u00e0 deux (voir le planning des cours pour vous inscrire) ou en groupe de 4 \u00e0 8 &hellip; <\/p>\n<p class=\"link-more\"><a href=\"https:\/\/coriandreetcitronnelle.fr\/index.php\/les-formules-des-ateliers\/\" class=\"more-link\">Continuer la lecture<span class=\"screen-reader-text\"> de &laquo;&nbsp;Les formules des cours de cuisine&nbsp;&raquo;<\/span><\/a><\/p>\n","protected":false},"author":1,"featured_media":0,"parent":0,"menu_order":0,"comment_status":"closed","ping_status":"closed","template":"","meta":{"spay_email":""},"_links":{"self":[{"href":"https:\/\/coriandreetcitronnelle.fr\/index.php\/wp-json\/wp\/v2\/pages\/368"}],"collection":[{"href":"https:\/\/coriandreetcitronnelle.fr\/index.php\/wp-json\/wp\/v2\/pages"}],"about":[{"href":"https:\/\/coriandreetcitronnelle.fr\/index.php\/wp-json\/wp\/v2\/types\/page"}],"author":[{"embeddable":true,"href":"https:\/\/coriandreetcitronnelle.fr\/index.php\/wp-json\/wp\/v2\/users\/1"}],"replies":[{"embeddable":true,"href":"https:\/\/coriandreetcitronnelle.fr\/index.php\/wp-json\/wp\/v2\/comments?post=368"}],"version-history":[{"count":28,"href":"https:\/\/coriandreetcitronnelle.fr\/index.php\/wp-json\/wp\/v2\/pages\/368\/revisions"}],"predecessor-version":[{"id":2213,"href":"https:\/\/coriandreetcitronnelle.fr\/index.php\/wp-json\/wp\/v2\/pages\/368\/revisions\/2213"}],"wp:attachment":[{"href":"https:\/\/coriandreetcitronnelle.fr\/index.php\/wp-json\/wp\/v2\/media?parent=368"}],"curies":[{"name":"wp","href":"https:\/\/api.w.org\/{rel}","templated":true}]}}